is the units digit of z?
5
Suppose v + s = -4, -4*s - 6 = -v - 0*s. Let h be v + (-1)/((-3)/15). Suppose 0 = 5*z + 5*b - 35, 0 = -0*z - z + h*b + 11. What is the units digit of z?
8
Let x(k) = 7*k - 25. Let a be x(15). Let s = a - -7. What is the tens digit of s?
8
Suppose -11 - 9 = 4*c. What is the tens digit of 3*((-1325)/15)/c?
5
Let m(p) = p**3 + 30*p**2 - 18*p + 10. What is the hundreds digit of m(-30)?
5
Suppose 417 = 3*v - 234. Suppose -59 = -4*f + v. What is the units digit of f?
9
Let g be 7/((-6)/(-4)*2/3). What is the units digit of (-78)/(-273) - (-1 + (-1153)/g)?
6
Suppose n - 2*w + 124 = 0, 4*n - 5*w + 147 + 355 = 0. Let o be n/3 + 12/18. What is the units digit of (-8 - -7)/(3/o)?
4
Let g(f) = -3*f**3 + f**2 - f - 2. Let x be g(-2). What is the tens digit of 33 + -28 - x/(-1)?
3
Let d(c) be the third derivative of 0*c + 11/60*c**5 + 1/2*c**3 - 5/12*c**4 + 0 - 1/120*c**6 + 3*c**2. What is the units digit of d(10)?
3
Let p = -728 - -1244. Let u be 1/(-3) + p/9. Let m = u - 19. What is the tens digit of m?
3
Let i be -3 + (-282)/(-22) - 2/(-11). What is the units digit of 11/(165/(-6)) + 744/i?
4
Suppose d = -t + 5, 0 = 2*t - d - 8 - 5. Suppose 2 = -2*r + t. Suppose 152 = 4*x - r*j, -4*x + 1 + 123 = 5*j. What is the units digit of x?
6
Let h(y) = y**2 + y - 27. What is the units digit of h(-9)?
5
What is the tens digit of (44/6)/(3632/363 + -10)?
3
Suppose 0 = 2*s - 2, -b + 3 = -3*s + s. Suppose -163 = -4*d - a, -b*a = d - 10 - 45. What is the units digit of d?
0
Suppose x = -9*v + 11*v + 1505, -4*x - 3*v = -6009. What is the hundreds digit of x?
5
Let c(x) be the third derivative of -x**5/60 - 19*x**4/24 - 11*x**3/3 + 20*x**2. What is the tens digit of c(-16)?
2
Suppose 0 = 19*c - 21*c + 226. Let k = c - -23. What is the tens digit of k?
3
Let n(f) be the first derivative of f**4/4 - 5*f**3/3 + f**2 - 15*f + 40. What is the hundreds digit of n(9)?
3
Suppose -4*m + i = 134 - 24, 144 = -5*m - 2*i. Let t = m + 178. What is the units digit of t?
0
Let v be (-18)/3*3/(-3). What is the units digit of (-1)/2 - (-129)/v?
1
Suppose 5*h - n - 1046 = 0, -6*h - 626 = -9*h + n. What is the hundreds digit of h?
2
Let h = 640 - 402. Let b = h - 162. Suppose -3*k + 103 = 7*u - 2*u, 4*u = -4*k + b. What is the tens digit of u?
2
Let s = 15 - 25. Let k = 95 - s. What is the tens digit of k?
0
Let c = 29 + -30. What is the units digit of (1/c)/((-1)/49)?
9
Let i(w) = 2*w + 6. Let y be i(-9). Let p be (y/(-10))/(4/10). Suppose -57 = -2*t + 3*j, 2*t = -p*t - 5*j + 105. What is the units digit of t?
4
Suppose -5*i = -3*i - g - 7, 4*g + 24 = 4*i. Let a(j) = j**2 - i + 8 + 2 - j + 0. What is the units digit of a(0)?
9
Let r(j) = 4 + 95*j + 9 + 9. What is the units digit of r(2)?
2
Let f(c) = 3*c + 67. Let w be f(-13). Suppose 676 = -w*z + 32*z. What is the units digit of z?
9
Let t(p) = 46*p**2 + 15*p + 23. What is the units digit of t(6)?
9
Let q = 205 - -235. What is the tens digit of q?
4
Let g(u) = 16*u**2 + 2*u + 4. Suppose 0 = -m + 3. What is the hundreds digit of g(m)?
1
Let d(z) = -56*z**3 - 2*z + 7. What is the tens digit of d(-3)?
2
Let s be 12/102 + 10963/17. Suppose -29*u + 34*u = s. What is the units digit of u?
9
Suppose -3285 + 485 = -7*h. What is the tens digit of h?
0
Let k be 15/2*24/(-20). Let y be 137/3 - (-6)/k. Suppose y = 6*i - 3*i. What is the tens digit of i?
1
What is the hundreds digit of (459/(-12)*1)/((-1)/4)?
1
Let p = 8 + -9. Let t be (-2 + 3)*p*1. Let w = 16 + t. What is the tens digit of w?
1
Suppose 2*t = -f + 4 + 4, -2*f + 3*t - 5 = 0. Suppose -f*z - 78 = -5*z. Suppose 3*w - z = -2*k, -k - 10 = k. What is the tens digit of w?
1
Let z be 32/14 - ((-8)/7)/(-4). What is the tens digit of ((-4)/8)/(z/(-596))?
4
What is the units digit of (-1 + 1)/(-2) - (115 + -770)?
5
Suppose 2 = -6*b + 56. What is the units digit of ((-6)/9)/((-2)/b)?
3
Let k(a) = -a**3 - 4*a**2 + 5*a + 2. Let y be k(-5). Suppose 33 = u + c + y*c, 70 = 2*u + 2*c. What is the tens digit of u?
3
Let o = -1656 + 3483. What is the tens digit of o?
2
Suppose -4*x - 5*q + 2977 = 0, 758 = 2*x + 4*q - 732. What is the tens digit of x?
4
Suppose 0 = -5*p + 38 - 8. Let y be 39*2/p + 3. What is the tens digit of 128/(-6)*(-24)/y?
3
Let v(m) = -80*m - 2. Let i = -48 - -47. What is the units digit of v(i)?
8
Let l(a) = 35*a - 170. What is the thousands digit of l(38)?
1
Let y = 63 + -38. Suppose 0 = 5*j - y, -3*u - 7*j + 206 = -3*j. What is the units digit of u?
2
Suppose -4*t = -8*t + 108. What is the tens digit of t - (9/(-3) + 2)?
2
Suppose 3*d - 19 = 2234. What is the tens digit of d?
5
Suppose -5*v = -5*a - 945, -v + 0*v + 181 = 3*a. Suppose 2*x + 361 = 5*s + 6*x, -5*x = -3*s + v. Let m = s + -29. What is the tens digit of m?
4
Let n be (4/(-5))/(12/(-780)). Suppose -5*k + 2*k + 4*s = -n, -k + 26 = 3*s. What is the units digit of k?
0
Suppose 30 = -0*m + m - 5*g, 0 = 2*m + 2*g - 24. Let w be 2 + -3*4/(-4) + -1. What is the units digit of m + w/(3 - 2)?
9
Let b(i) = 4*i + 13. Let t(f) = f. Let v(j) = b(j) - 5*t(j). What is the units digit of v(-4)?
7
What is the tens digit of (-3548)/(-8) + 42/(-12)?
4
Let f(z) = -34*z - 13*z + 18*z - 4. Suppose -5*c = -0*c + 10. What is the units digit of f(c)?
4
Let o(q) = -16*q**2 - 4*q**3 + 17*q - 9 - 11 + 3*q**3 + 2*q**3. What is the tens digit of o(15)?
1
Suppose 15 = -4*i - 5*o - 49, 2*i + 30 = -2*o. Let a = -8 - i. What is the tens digit of 24/14*(24 - a)?
3
Let z(a) = 6*a**2 - a - 2. Let n = -3 - 2. Let w = n - -7. What is the units digit of z(w)?
0
Let a(o) = 10*o + 14 - 5*o**2 + 5*o**2 + 5*o**2. What is the units digit of a(-5)?
9
Let a = 357 + 96. What is the units digit of a?
3
Let q(r) = -r - 1. Let n(f) = -25*f + 7. Let y(j) = n(j) - 4*q(j). What is the tens digit of y(-5)?
1
Let y(n) = n + 1. Let h be y(3). Suppose -297 = -h*t - 41. Let m = 115 - t. What is the tens digit of m?
5
Let j(w) = w**3 - 4*w + 2. Let g be j(2). Let b = -1 + g. What is the units digit of b?
1
Suppose -3*d + 8*d = 20. Suppose d = 4*l - 2*l. Suppose l*b + b = 18. What is the units digit of b?
6
Let t be (-1 - 10/(-6))*-6. Let b(q) be the third derivative of -5*q**4/24 - 5*q**3/6 + q**2. What is the units digit of b(t)?
5
Suppose -9*v = -7*v - 3*d - 561, -v + 300 = 5*d. What is the tens digit of v?
8
Suppose -3*q + 2*r = 163, r = 6*r - 25. Let z = 101 + q. What is the tens digit of z?
5
Let h(i) = i**3 - 5*i**2 + 7*i - 4. Let d be h(4). Suppose 5*y = d*y - 135. Suppose 0 = -2*l + y + 13. What is the units digit of l?
9
Suppose -2*l - 2*i + 5*i = -130, -5*l + 325 = 3*i. What is the tens digit of l?
6
Suppose -j + z = 17, 3*j + 3*z = -j - 33. Suppose 4*h + 11 - 95 = 0. Let g = h - j. What is the units digit of g?
3
Let z be (-1 - -8)*30/7. Suppose -28 + 8 = 5*y, -2*u + 5*y = 92. What is the units digit of (u/(-10))/(12/z)?
4
Let l(y) = 13*y**3 + 2*y - 1. Let i be ((-1 - -1) + -3)/(-3). Let t be l(i). Suppose 3*c + t = 4*c. What is the units digit of c?
4
Let j = 493 + -323. What is the tens digit of j?
7
Let f be 15/5*14/(-3). Let v be 21/(-49) - 734/f. Suppose g - 5*a + 3*a = v, 0 = -2*g + 5*a + 104. What is the tens digit of g?
5
Let h(g) = -2*g**2 + 27*g - 9. Let r be h(13). Let c be 1 + 0/(-2) + -1. Suppose c = r*p - 5*p + 20. What is the tens digit of p?
2
Suppose 5*v = -4*l + 2760, -24*l + 5*v + 2070 = -21*l. What is the hundreds digit of l?
6
Let r(q) = q**2 + 1. Let w be r(2). Let u(j) = 3*j**2 - 11*j + 5. What is the tens digit of u(w)?
2
Let f(w) = w**2 + 11*w - 12. Let v be f(-11). Let h = v + 17. Suppose 0 = -5*g - h, 15 = -2*t + 3*t - 5*g. What is the tens digit of t?
1
What is the units digit of (3*-57)/(-3) - (-6 + 4)?
9
Let x be 3485/25 - (-3)/5. Suppose 3*r + x = 8*r. Suppose -y + 2*k - 2 = 0, -y - 4*k + 0*k = -r. What is the units digit of y?
8
Let z = -7 - -9. Let l(j) = 5*j**2 + z*j - 2*j. What is the tens digit of l(2)?
2
What is the hundreds digit of (-64)/24*2130/(-8)?
7
Suppose -58 = h - 64. Suppose -h*u + 4*u = -210. What is the units digit of u?
5
Suppose 4*r - 96 = -0*r. Suppose 7*q - 62 = -5*y + 3*q, r = 2*y + 2*q. Let z(w) = w - 5. What is the units digit of z(y)?
9
What is the units digit of (-4164)/(-7) + (-4 - (-58)/14)?
5
Suppose -2*k = -5*k + 1053. What is the units digit of k?
1
Let w = 1830 + -1609. What